 21. Let y be h(-10). Let u(f) = -984*f**3 - 4*f**2 - f + 2. What is the hundreds digit of u(y)?
9
Let l(y) = 2*y**2 + 8*y - 3. Suppose 2*b - 4*s + 30 = 0, 5*s + 33 - 93 = 4*b. What is the hundreds digit of l(b)?
3
Suppose 31*b = 42*b - 396. Suppose 0 = -53*w + b*w + 5406. What is the tens digit of w?
1
Suppose -4*z + 2*t = 5*t + 4079, -2*z - 2041 = t. What is the hundreds digit of z/3*(-45)/30?
5
Suppose l - 73358 = -3*u, 4*l = -31*u + 33*u - 48924. Suppose -9386 = -20*k + u. What is the thousands digit of k?
1
Suppose 26833 = 3*u + 2*l, l = -15*u + 20*u - 44713. What is the units digit of u?
3
Suppose -3*i - 3*n + 5 = 2*i, 3*i = -2*n + 3. Suppose 143 = 4*d + 5*y, y = i - 2. What is the tens digit of d?
3
Let o be (3 - 95/15)/((-2)/(-36)). Let x = o - -40. What is the tens digit of (-312)/x*(-60)/(-8)?
1
Let a be 1513 + -14*2/(-4). Suppose 21*n = 11*n + a. What is the tens digit of n?
5
Let q = -17431 - -27254. What is the thousands digit of q?
9
Suppose -128*q - 714134 = -7358870. What is the tens digit of q?
1
Let k be (-10)/(-1) + (-162)/27. What is the tens digit of (30/(-5))/((-6)/k) + 153?
5
Let j = -628 - -633. Suppose 3*c + 467 = 2*o, -60*o = -58*o + j*c - 443. What is the units digit of o?
9
Let r(j) = -3*j - 52. Let w be r(-18). Suppose 2*d = -4*l + 648, 5*l + w*d + 24 = 836. What is the tens digit of l?
6
Let k = 375 + -401. What is the hundreds digit of (-7555)/(-13) - (-4)/k?
5
Let j be 39 + (-6 - -7)*-5. Let o = 112 - j. What is the tens digit of o?
7
Let s = -3271 + 4340. What is the units digit of s?
9
Let k = -133 - -88. Let b(f) = -f**3 + 4*f**2 + 4*f + 2. Let x be b(5). What is the units digit of (k/(-6))/5*(-38)/x?
9
Suppose 5*c = 3*u + 14, -5*u - 6 = -3*u. What is the units digit of 791 - ((-12)/(-12))/(c/3)?
8
Suppose -4737 = 4*v - 4769. Suppose -v*x = -30*x + 13024. What is the units digit of x?
2
Suppose 0 = 2*b - 4*k - 412, 56*k = 5*b + 52*k - 1000. Let s = b - -502. What is the tens digit of s?
9
Let y(s) be the third derivative of 95*s**4/24 + 53*s**3/6 + 101*s**2. What is the units digit of y(10)?
3
Let t(c) be the first derivative of 43*c**3 + 5*c**2 + 21*c - 32. What is the units digit of t(-2)?
7
What is the units digit of (-27621)/(-189) - (-18)/21?
7
Let r(b) = -b**2 - 15*b + 38. Let d be r(-17). Suppose -10 = -x + d. What is the tens digit of (-2)/x - (-8)/(-28)*-445?
2
Suppose -q = -r - 54, 8*q + 2*r - 235 = 3*q. Let o = q - 52. What is the hundreds digit of (3/9)/(o/(-2574)*2)?
1
Suppose 11*m - 2481 = 159. Suppose -5*c - m = -5*t, c + 5 - 149 = -3*t. Let j = t - -155. What is the hundreds digit of j?
2
Let q be (-6)/7*(-28)/3. Suppose q*d = 3*d + 2*n + 694, 2*d - 283 = -n. What is the hundreds digit of d?
1
Suppose 0 = 202*r - 198*r + 52. Let x(a) = -1. Let n(m) = -m**3 - 12*m**2 - 6*m + 4. Let q(p) = n(p) + 6*x(p). What is the tens digit of q(r)?
4
Let y be (4/(-7))/(18/(-63)). Suppose 3*t + 20 = -f - 4*f, 4*f - 28 = y*t. Let h(a) = -5*a + 21. What is the units digit of h(t)?
1
Let h(n) = 3*n**2 + 21*n + 34. Let c be h(-18). Suppose -842 = -5*k + c. What is the units digit of k?
4
Let n be 3*4/(-32)*(3 - 11). Suppose 0 = -p + 4*b + 66 + 60, 5*p = -4*b + 558. Suppose -p = -n*w + w. What is the units digit of w?
7
Suppose -3*y + 25 = 2*v - 6*y, -40 = -3*v + 5*y. Let r = 1458 - 1207. Suppose -4*t + u + 363 = 0, -2*t + r = t - v*u. What is the units digit of t?
2
What is the hundreds digit of (6/(-5))/(17 + (-2512997)/147820)?
1
Suppose 20*w - 21*w + 7747 = 4*v, -3*w - v + 23197 = 0. What is the thousands digit of w?
7
Let a(y) be the third derivative of y**7/315 + 7*y**6/360 + 11*y**4/24 - 6*y**2. Let v(q) be the second derivative of a(q). What is the units digit of v(-4)?
2
Let x = -2680 - -7675. Suppose 16*y - x = 6077. What is the hundreds digit of y?
6
Let o be (-4252)/(-6)*(-6 - 105/(-14)). Suppose 12*b - 305 = o. What is the tens digit of b?
1
Suppose 29 = y - 81. Let p = y - 94. What is the tens digit of 5304/p*(-4)/(-6)?
2
What is the thousands digit of 19380/(-2)*(-178)/356?
4
Let w(x) = 18117*x**2 + 66*x + 66. What is the units digit of w(-1)?
7
Suppose 1131 + 8624 = 15*d - 65980. What is the units digit of d?
9
Suppose 4*d + 59 = -5*o + 3213, 2*o - 5*d - 1255 = 0. Suppose -j + 634 = 3*q, -33*q + o = j - 34*q. What is the units digit of j?
1
Let i = 363 + -84. Suppose 0 = -13*s - i + 1540. What is the tens digit of s?
9
Suppose 0 = -2*g + 3*w + 10, -7*g + 4*w = -10*g + 15. Suppose 1671 = -g*q - 299. Let b = q - -559. What is the tens digit of b?
6
Let y be (1 + 1)/2*20. Let d = -19354 + 19344. What is the tens digit of ((-8)/y + (-934)/d)*1?
9
Suppose -12 = -2*m, -p - 247*m = -244*m - 2966. What is the hundreds digit of p?
9
Suppose 5*d + 5*z - 10471 - 6529 = 0, -3*d = 5*z - 10208. What is the thousands digit of d?
3
Let q(b) = -12*b - 62. Let v be q(-5). Let s(n) = -159*n**3 + n**2 + 4*n + 8. What is the tens digit of s(v)?
7
Let c(s) = -s + 22. Let o be c(-26). Suppose -5*k = 3*q - 1485, k = 2*q + o + 262. What is the tens digit of k?
0
Let z be (-2 + 3 - -11)*(7 - 0). Let m = z - 48. Let b = 190 + m. What is the tens digit of b?
2
Suppose 0 = 2*a + d - 358, -4*d - 118 - 43 = -a. What is the hundreds digit of a?
1
Let j = 61 + -58. Suppose 4*d - 25 - 39 = -4*p, 0 = -j*d + 5*p + 32. What is the units digit of (-990)/(-63) + 4/d?
6
Let s(l) = -l**2 + 6*l + 400. Let p(m) = 2*m**3 + 21*m**2 + 28*m + 9. Let n be p(-9). What is the hundreds digit of s(n)?
4
Let q(d) = 1270*d**2 + 482*d + 1889. What is the hundreds digit of q(-4)?
2
Suppose -8*t - 20681 = -103513. What is the units digit of t?
4
Suppose -2*o - 3 = -3*g, -5*g = 4*o - 10 - 17. Suppose -o*y = -0*y. Suppose -39*s + 37*s + 120 = y. What is the units digit of s?
0
Suppose -c = -3*k + 50424, 4*c + 2416 = -5*k + 86456. What is the tens digit of k?
0
Let j(u) = -u + 6. Let x be j(-2). Suppose -11*w = -x*w - 1386. Suppose -w = -13*k + 7*k. What is the units digit of k?
7
Suppose 0 = 30*q - 28*q + 3*p - 11908, 23864 = 4*q - 2*p. What is the tens digit of q?
6
Let v be (2/4)/((-26)/(-104)). Suppose 4*k = -5*x - 1831, 2*x - v*k + 714 = k. Let m = x - -549. What is the hundreds digit of m?
1
Suppose 6*z - 10*z = -4*v - 1588, -4*v = -z + 1588. Let b = -22 - v. What is the units digit of b?
5
Suppose -o = 4*g - 7*g + 8, 0 = -3*o + 5*g - 8. Suppose -z = -2*h + 3*z + 4, 0 = 4*z + o. Let r(y) = -y**2 - 3*y + 100. What is the units digit of r(h)?
0
Let q(m) = 8*m - 12. Let u be q(2). Suppose -3*f - 1206 = -2*z - z, -3*f = -u*z + 1603. What is the units digit of z?
7
Let g be 5/(-1)*6/5. Let a(d) = -2*d**3 - 6*d**2 - d - 10. Let t be a(g). Suppose 2*r + t = 4*c, -2*c - r + 102 = -0*c. What is the units digit of c?
2
Let r = -1004 + 1791. What is the tens digit of r?
8
Let k = 1398 + -671. Suppose 0 = -5*g + l + 757 + 492, 3*g + 5*l = k. What is the hundreds digit of g?
2
Let t = -420 - 106. Let m = t - -1210. What is the units digit of m?
4
Let k(r) = -513*r - 36. Let s be (2/5)/(77/(-35) - -2). What is the hundreds digit of k(s)?
9
Let p = 21 + -19. Suppose -p*t = -5*r + 28, 5 - 2 = 3*t. Let g(n) = 5*n**2 - 12*n - 6. What is the hundreds digit of g(r)?
1
Let q = 134 - 58. Suppose -6*a = -7*a - q. Let p = 175 + a. What is the units digit of p?
9
Suppose -8*t - 4605 = 1707. Let h = 1314 + t. What is the hundreds digit of h?
5
Let f(z) = -34*z**2 - 121*z + 1. What is the units digit of f(-3)?
8
Let j = -337 - -557. Suppose 2*f - 275 + 9 = 0. Let a = j - f. What is the units digit of a?
7
Let y(w) = 4*w**2 + 9*w - 50. Let t be y(-5). Suppose -2*k + q + 1100 + 25 = 0, 2*q - 2790 = -t*k. What is the tens digit of k?
6
Suppose 2*v - 49 = 2*b - 3*b, -187 = -4*b + v. Let c = 230 + -230. Suppose f + u = 4, -b = -5*f + 4*u - c*u. What is the units digit of f?
7
Let s be (0/(-2))/(70/14) + 591. Suppose -t + 2*h + 2886 = 4*t, 0 = -t + 5*h + s. What is the units digit of t?
6
Suppose -3*g = 3, -1266 = -4*k + 6*k + 4*g. Let q = -194 - k. What is the tens digit of q?
3
Suppose 0 = -13*d + 2 - 2. Suppose -5*l + l - 420 = d. Let b = l - -302. What is the units digit of b?
7
Let u = 84531 - 52581. What is the tens digit of u?
5
Suppose 15*m + 659 = -241. What is the tens digit of (m/(-5))/3 - -407?
1
Let a(y) = 141*y**2 - 31*y + 723. What is the thousands digit of a(10)?